ivided by 24?
20
Let o be ((-174)/(-8) - -3)/((-3)/(-8)). Let j = -36 + o. What is the remainder when j is divided by 16?
14
Let c = -4 - -83. What is the remainder when 392 is divided by c?
76
Suppose 16*y - 392 + 263 - 639 = 0. Suppose -4*c + 0*c - 4 = 0. Calculate the remainder when y is divided by c - (-12 + 1*-2).
9
Let j = -14 - -16. Suppose 5*c + 238 = 3*w, -6 = j*c + c. Suppose -w = -5*b + 3*b. Calculate the remainder when b is divided by 10.
8
Let c = 553 - 504. Calculate the remainder when 64 is divided by c.
15
Suppose 416*z - 417*z = -22. Calculate the remainder when 22 is divided by z.
0
Suppose 0 = -c - 4*d + 19, -2*d - 14 = 2*c - 7*d. What is the remainder when 284 is divided by c?
2
Let b be 48/32*(-4)/(-3). What is the remainder when 75 is divided by (-8)/(-2) + 70/b?
36
Suppose 0 = 100*x - 45015 + 6115. What is the remainder when x is divided by 102?
83
Let u be (36/(-30))/(3/10). Calculate the remainder when 33 is divided by (15/6 + u)*-8.
9
Suppose 5*g - 144 = 2*k - 0, -2*g + 3*k + 62 = 0. What is the remainder when 66/15 - (-4)/(-10) - -49 is divided by g?
25
Suppose 16*j = 239 + 369. Calculate the remainder when 528 is divided by j.
34
Let n = -56 - -65. Suppose 3*i + 16 = 7*i. Suppose i*h - n - 11 = 0. What is the remainder when 18 is divided by h?
3
Suppose 4*p - 38 = -o, 5*o + 3*p - 141 = 2*o. What is the remainder when o is divided by 21?
8
Let v be (5/10)/(1/10). Let l(s) = s - 2. Let y be l(v). Suppose r = -3*r - 5*a + 245, 15 = y*a. What is the remainder when r is divided by 14?
13
Let o(r) = 5 - 10 + 4 + 5*r - 1. Let y = 12 - 2. Calculate the remainder when o(4) is divided by y.
8
Let t(y) = 5*y**2 + 53*y + 12. Calculate the remainder when 203 is divided by t(-11).
33
Let u(a) = 12*a**3 + 8*a**2 - 12*a + 7. What is the remainder when u(3) is divided by 8?
7
Suppose -3*s - 28 = 35. Let d = s - -29. Suppose 5*p - 32 = 108. What is the remainder when p is divided by d?
4
Suppose 5*v + 65 = 6*y - y, 3*v = -5*y + 33. Suppose y*h = 7*h + 108. Calculate the remainder when h is divided by 14.
12
Let f(a) = a**3 - 2*a**2 - 6*a + 3. Let h be f(5). Suppose 4*d - h = 2*d. Let x = -36 - -129. What is the remainder when x is divided by d?
21
Let r(g) = g**2 + 3*g + 7. Let c(n) = 3*n. Let x be c(5). Suppose -k + x = -6*k. Calculate the remainder when r(k) is divided by 2.
1
Let j be (-84)/(-7) + -1*3. Let l = j + -11. Let c(u) = -5*u + 1. What is the remainder when 42 is divided by c(l)?
9
Suppose -4*d - 3*i - 169 = 0, 4*d + d = i - 197. Suppose 5*r = -5*b - 135, 4*b = -3*r + r - 102. Let x = b - d. What is the remainder when 46 is divided by x?
14
Let b(h) = -30*h - 6. What is the remainder when b(-5) is divided by 2*(-4)/108 - (-37680)/1296?
28
Let x be 2/(-17) + (-210)/(-51). Let r = 9 + x. Calculate the remainder when 50 is divided by r.
11
Let x be (2/(12/(-15)))/(8/80). Let f = -5 - x. What is the remainder when 76 is divided by f?
16
Suppose -11*q + 72 = -2*q. What is the remainder when 41 is divided by q?
1
Let a(s) be the first derivative of -2*s**2 - 32*s - 3. Calculate the remainder when 22 is divided by a(-11).
10
Suppose 0*v - v - 1 = 0. Let i(m) = -3 + 2 + 27*m**2 + 1 + 1. Calculate the remainder when i(v) is divided by 10.
8
Suppose 432 = 115*b - 67*b. What is the remainder when 78 is divided by b?
6
Suppose 5*q - 87 = 2*n, -3*n = -q - 4*n + 23. Suppose -22*l = -q*l - 123. Calculate the remainder when l is divided by 15.
11
Suppose 5*m + 14 = 6*m. Let a = 5 - m. Let y = a + 16. What is the remainder when y is divided by 6?
1
Suppose -27 = -4*h - 7. Suppose -4 = -4*z - 2*g - 22, 3*z = 3*g. Calculate the remainder when (-20)/12*z - -3 is divided by h.
3
Suppose -2*o - 2*o - 2*c = -28, o - 3*c - 21 = 0. Let l = 10 + -8. Calculate the remainder when o is divided by l.
1
What is the remainder when 102 - 0 - (10 - 2) is divided by 13?
3
Suppose 2*s - 7*s + 5*o + 505 = 0, 2*s = 3*o + 205. Calculate the remainder when s is divided by 10/1 - 21*9/(-27).
13
Suppose 0 = 2*w - 14 - 108. Let v = w + -35. Let l(r) = r**3 + 38*r**2 - 3*r - 63. What is the remainder when l(-38) is divided by v?
25
Let b(w) = -3*w - 10. Let l(c) = c. Let q(x) = b(x) + 6*l(x). Let k be q(-10). Let a = -26 - k. Calculate the remainder when 25 is divided by a.
11
Suppose 9*f = 2*f - 0*f. Suppose -2*j + 6*j + g - 66 = f, 5*j - 72 = 4*g. Calculate the remainder when 20 is divided by j.
4
Suppose 2*l + 3*a - 61 = 0, -146*a + 33 = 2*l - 147*a. Suppose 5*f - 424 = -6*w + 2*w, 3*w + 5*f - 313 = 0. Calculate the remainder when w is divided by l.
11
Suppose -3*q + 130 = -104. Calculate the remainder when q is divided by 2*2/18*3 + 7347/279.
24
Suppose 3*j = -4*x + 1003, -29 = -2*j - 27. Calculate the remainder when x is divided by 32.
26
Suppose 5*u - 18 = -78. What is the remainder when (6/u - -4)/(1/10) is divided by 9?
8
Suppose 85 = 5*d + 20. Suppose d = -3*o + 64. What is the remainder when (-2)/(-5) - 323/(-5) is divided by o?
14
Suppose 2*c = p - 3 - 3, -5*p - 5*c = -15. Let q(a) = -a**2 + 9*a - 5. Calculate the remainder when (-2)/(-1)*50/p is divided by q(6).
12
Suppose 3*x = -3*x + 12. Suppose z = -5*n + 48, -2*z - 171 = -7*z - x*n. Suppose 0 = 5*a - z - 27. What is the remainder when 32 is divided by a?
8
Suppose 4*h + n + 45 = 0, 5*n = -2*h + 4*n - 21. Calculate the remainder when 24 is divided by (-5)/(-10)*-6 - h.
6
Let k(j) = 2*j + 5. Let a be k(4). Suppose 51 = t + a. Let v = 20 - 7. What is the remainder when t is divided by v?
12
Let a = -103 - -149. Suppose -57 = 9*b - 210. What is the remainder when a is divided by b?
12
Let h = 523 - 495. What is the remainder when 165 is divided by h?
25
Let l = 10 - 6. Suppose 0 = -2*a + l*a - 22. Let u(s) = s**3 + 7*s**2 - 8*s + 6. Calculate the remainder when a is divided by u(-8).
5
Suppose 0 = 7*b - 5*b. Suppose 0 = c + c + 2*r - 16, r = b. Suppose -c = -f + 1. What is the remainder when 24 is divided by f?
6
Suppose -2*f + 2 = 0, 0 = -3*m + 4*f + 3244 + 2041. Calculate the remainder when m is divided by 49.
48
Let n(u) = 2*u + 10. Let q be n(17). Suppose 2*d + f - q = 9, -4*f - 74 = -3*d. Calculate the remainder when d is divided by 10.
6
Suppose 312 = 13*u - 5*u. Calculate the remainder when u is divided by 28.
11
Let x = 337 - 206. What is the remainder when x is divided by 19?
17
Suppose -3*o - 4*c + 229 = 0, -2*c + 327 = 4*o - c. Calculate the remainder when o is divided by (-7)/2*(-11 + 3).
27
What is the remainder when 103/4 - (-2)/8 is divided by 159/18 - -2*(-2)/(-24)?
8
Let r be 0 + 4 - (1 - -1). Suppose r = 4*x + 2*j - 28, 5*x = 5*j + 15. Suppose 0*s + 4*s = 12. What is the remainder when x is divided by s?
0
Suppose -30*d + 37*d - 224 = 0. What is the remainder when d is divided by 19?
13
Suppose -l = 2*w - 32, -45*w - 67 = -50*w + 4*l. Let b(c) = 2*c**3 + 2*c**2 - 1. Calculate the remainder when b(2) is divided by w.
8
Calculate the remainder when 86 is divided by ((-2272)/12)/(-8) + 25/(-15).
20
Suppose 4*g = g + 390. Suppose 0 = -5*t - 0*t + g. What is the remainder when t is divided by 9?
8
Let t = -673 + 807. What is the remainder when t is divided by 10?
4
Let z be (-110)/44*6/(-5). Suppose 2*p = 3*j + 44, -29 = -p + j - z*j. What is the remainder when p is divided by 14?
11
Let k(q) = 6*q**2 + 3*q - 1. Suppose -3*i = -j + 7, 4*i = 5*j + 73 - 185. What is the remainder when k(-4) is divided by j?
27
Let c = -229 - -251. Calculate the remainder when c is divided by 12.
10
Suppose 0 = b - 10 - 2. Suppose b*x = 16*x - 12. Suppose -5*n = 2*f - 73, n + 3*f + 14 = x*n. What is the remainder when 49 is divided by n?
10
Suppose 5*i - 95 = -0*i. Suppose 22*y - 108 = i*y. Calculate the remainder when y is divided by 20.
16
Let d(s) = s + 60. Let k be ((-6)/(-5))/(3/(-50)). What is the remainder when d(k) is divided by 23?
17
Let x(b) = -3*b - 28. Suppose 3*z + 49 = -11. What is the remainder when x(z) is divided by 18?
14
Let n(z) = -20*z + 1. Suppose -3*w + 3*p = -48, 4*w + p = 2*w + 47. Calculate the remainder when n(-2) is divided by w.
20
Let j(t) = -4*t + 11. Suppose n = 6*n - 20. Let v(l) = -2*l**2 + 4*l + 8. Let s be v(n). Calculate the remainder when j(s) is divided by 22.
21
Suppose 5*p + 3*j = 809, 886 - 80 = 5*p + 2*j. What is the remainder when p is divided by 9?
7
Suppose 